rue
Let z(n) = 2098*n**2 + 60*n + 51. Is z(-5) prime?
True
Is (4 + -2)*(-12 + 77903/2) a composite number?
True
Suppose -2 = s, 4*w - 20 = -2*s - 0. Suppose 4*v + 10 = o, 2 + w = -4*v. Suppose -227 = -y + o*c - 6*c, -625 = -3*y + 2*c. Is y a composite number?
False
Let x = 61 + -45. Suppose 3*w - x*w = -78. Suppose w*z = 8*z - 2386. Is z a composite number?
False
Let v = -517 + 529. Is (-6)/v*(-7 + -4383) prime?
False
Let j(l) = -3133*l - 70. Let q be j(-4). Suppose 111*t - 105*t = q. Is t a composite number?
True
Let m(l) = 17*l**2 + 8*l - 7. Let g(n) = -120*n**2 - 55*n + 50. Let r(j) = -3*g(j) - 20*m(j). Let c be 55/15 + (-6)/9. Is r(c) composite?
True
Let p be ((-54)/(-81))/((-33994)/16998 - -2). Suppose 8499 = 3*j + 23*f - 18*f, -p = -2*j - 2*f. Is j prime?
True
Suppose 12503 = 2*b + 5*o, o + 32299 = 5*b + 1109. Suppose 3*n - 7204 = b. Is n a prime number?
True
Suppose 0 = -4*m + 5787 + 29425. Is m a prime number?
True
Let g be 14/(30/32 - 1). Let n = -110 - g. Suppose -6*q + 2112 + n = 0. Is q a composite number?
True
Let m(w) = -33*w + 11. Let z be (4 - 54/15)*25. Let g be m(z). Is g*(-2)/(-6)*-3 a prime number?
False
Suppose 3*p - 12 = -9, q + 4*p = 247071. Is q prime?
True
Let p = -146066 - -392128. Is p a composite number?
True
Let f be (8 + -4 - 7)*1. Let o(t) = t**3 + 2*t**2 - 4*t. Let s be o(f). Suppose 0 = -s*a + 5*h + 1696, -4*h = a - 0*h - 537. Is a a prime number?
True
Suppose 0 = 2*p - 154*p - 56*p + 66589328. Is p composite?
False
Let x = 9440 + 4733. Is x prime?
True
Let b = 13 - 34. Let o be (-1 - b/15)/(1/(-80)). Is (4/o*362)/((-2)/40) composite?
True
Let y = 7558 - 4403. Suppose 32*q - 37*q = -y. Is q prime?
True
Let v = 88 + -83. Suppose v*y + 3*x = 17, y - 16 = -2*y + 4*x. Suppose 5*a = -2*h + 18291, -y*a - 4632 + 19260 = 4*h. Is a prime?
True
Let o(j) = -j**2 + j - 9550. Let g be o(0). Suppose 0 = -3*h - 4*c + 14, -5*h = c - 0*c - 46. Is ((-14)/h)/(10/g) a composite number?
True
Suppose 21*l = 12*l - 31*l + 7438960. Is l prime?
False
Suppose -6 = 44*t - 46*t. Let m be ((-4)/(-6) + t/(-9))*14865. Suppose -39*r + m = -34*r. Is r prime?
True
Let o = 123809 + -61638. Is o a prime number?
True
Let l(n) = 2*n - 8. Let k be l(-12). Let a be 26 - ((1 - 0) + 1). Is (-3410)/(-8) - a/k prime?
False
Suppose 12970*m - 12988*m + 2028114 = 0. Is m prime?
False
Let b be (2 - 7) + 3 + 266. Let u = b + 223. Is u a prime number?
True
Let x = 159170 + -107523. Is x prime?
True
Suppose 406021 - 2282889 = -27*h - h. Is h a composite number?
True
Let s(f) be the second derivative of 5*f**4/12 - f**3/2 + 5*f**2 + 5*f. Let d be s(9). Let g = d + -165. Is g composite?
False
Suppose -5*x - 1208 = -o - 49034, 4*x = 3*o + 38252. Suppose -4*l + x = -2*l. Is l a composite number?
False
Let b = 82631 - 48057. Let q = 51067 - b. Is q a composite number?
False
Let g(n) = -2*n**2 - 16*n + 23. Let f be g(-12). Let a = 1383 - 831. Let u = a + f. Is u a composite number?
False
Is (10/((-10)/11567))/(2*2/(-4)) prime?
False
Let v be 1/2 - 105/(-14). Suppose 4*u = 4*f - 8, 0*f - 3*u = -2*f + v. Is (-1)/f*-3*(-10346)/21 composite?
False
Let t(j) = 22602*j**2 + 9*j + 10. Is t(-1) composite?
True
Suppose -5*m = -j + 4, -3*j = j + 5*m + 9. Let h(c) = 8819*c**2 - 7*c - 7. Is h(j) composite?
False
Is (-21 - -8) + 331795 + 37 prime?
True
Suppose -s + 13 = -2*y + 35, 5*s - 55 = -5*y. Is 6/y - (-1029204)/484 a composite number?
True
Suppose 0 = 27*d - 26*d - 9549. Let u = -3968 + d. Is u composite?
False
Let h(l) be the third derivative of 28/3*l**3 + 0*l + 10*l**2 - 13/4*l**4 + 0. Is h(-19) a prime number?
False
Let g(h) = 177*h**2 + 34*h + 153. Is g(20) prime?
True
Suppose 0 = 4*b - 4*r - 624, -6*r + 11*r - 144 = -b. Suppose -x - 607 = -b. Is 30/105 - x/(-14)*-2 a prime number?
False
Let r = 73 + 3201. Let k = r + 573. Is k prime?
True
Let z(b) = 38553*b + 2135. Is z(18) a composite number?
True
Let v(a) = 73*a**2 + 116*a + 1203. Is v(-10) composite?
True
Let z(w) = -2*w**2 + 6*w + 4. Let g be z(3). Suppose 4*i - 19 = -i - 3*v, -2*i = g*v - 16. Suppose 1 + 2 = s, -y + 637 = i*s. Is y a composite number?
False
Suppose -41*r + 206 = -163. Let y(s) = 0*s + 0*s - 19 + 12*s. Is y(r) prime?
True
Let x = 209 - 204. Suppose x*l + 5*w - 3610 = 0, 2*w - 2880 = 2*l - 6*l. Is l a prime number?
False
Suppose 12*a = 15*a - 155040. Suppose a = 19*b - 3*b. Suppose -11883 - b = -7*s. Is s composite?
True
Let n = -139 - -143. Suppose -4*y - 4*s = -16472, -2*y - n*s + 10047 = 1817. Is y composite?
True
Let g = -106 - -212. Suppose 5*k = -g - 59. Let a = k + 340. Is a prime?
True
Suppose -2463 = -4*w + 4189. Suppose -w - 1560 = -s. Is s composite?
True
Suppose j = -s - s - 15, -2*s + j = 9. Is 114380/70 - (s + 1) prime?
False
Let x(k) = 12*k - 47. Let h(p) = 10*p - 47. Let l(m) = -7*h(m) + 6*x(m). Is l(3) a composite number?
False
Let n = 704 + 6347. Is n composite?
True
Let y(p) = -866*p - 103. Suppose -6*z - 5*h - 19 = -3*z, 2*h + 19 = -5*z. Is y(z) prime?
False
Suppose 547*u + 1897363 = 548*u + 8*o, 3*u - 4*o = 5692145. Is u prime?
False
Is (-1 + 1112753 - -3) + (-28 - -38) composite?
True
Let x be (22/12*-2)/((-20)/120). Suppose -x*j - 14895 = -155409. Is j a composite number?
True
Suppose d + 183869 = 3*i, 77433 - 629032 = -9*i + 5*d. Is i a prime number?
True
Let f be (-99)/(-77) + 2/(-7). Let v(j) = 3408*j - 1. Is v(f) a composite number?
False
Let c = 31 - 28. Let j = c + -32. Let a(u) = -144*u + 17. Is a(j) composite?
True
Suppose -3*y - 2*y + 5*z = 65, 3*y + z + 19 = 0. Let g(s) = 6*s**2 - s - 9. Let j be g(y). Let k = j - 234. Is k a prime number?
True
Suppose 88*b - 92*b + 3383774 = 2*n, -4*n - 5*b + 6767563 = 0. Is n composite?
False
Suppose 201*r - 9772026 = 135*r. Is r prime?
True
Suppose 3*v = 4*t + 5, 3*v + 0 = -2*t + 11. Is 1/t*(-28226)/(-22) a prime number?
True
Let o(z) = -z**2 + 211*z + 177. Is o(116) prime?
True
Suppose -33*m = -41*m + 3048. Let a = 688 - m. Is a prime?
True
Suppose -5*u + 31*d + 63326 = 34*d, -d - 38004 = -3*u. Is u composite?
True
Suppose 32*m = 6043712 + 3193760. Is m a prime number?
False
Let h = 364 - 221. Let i(t) = -h*t + 24*t - 2 + 7. Is i(-6) composite?
False
Let b be 30/(-36) + 129/(-18). Is (2/6)/(b/(-82392)) prime?
True
Suppose 9*y = 6*y - 45. Is (-3)/(y/1900) - 1 a prime number?
True
Suppose -52 = -3*m + b + 11, 4*b = -4*m + 84. Suppose m*v = 15*v + 1254. Is v a composite number?
True
Let b(n) = 2*n**2 + 4*n + 6. Let v be b(-3). Let g(t) = -t**2 + 13*t + 9. Let x be g(v). Suppose -x*c = -25*c + 3684. Is c a prime number?
False
Suppose 0 = -11*s + 8*s + 822. Let t = -185 + s. Suppose 3*g - 2*g - t = 0. Is g a composite number?
False
Let t(y) = 835*y + 3 - 1429*y + 736*y. Suppose 3*o - c - 13 = 0, 4*c - 1 = -5. Is t(o) prime?
True
Let l(j) = -2*j**3 - 20*j**2 + 16*j - 40. Let a(f) = -f**3 - 22*f**2 + 17*f - 41. Let w(k) = -3*a(k) + 2*l(k). Is w(18) a prime number?
True
Let f(y) = 14330*y**2 + 401*y + 10. Is f(3) prime?
True
Suppose 278230 = 2*n - 67*a + 63*a, 0 = -5*n - 4*a + 695617. Is n a prime number?
True
Let x(d) = 5*d + 673. Let o = 111 + -111. Is x(o) a composite number?
False
Let h be 1/2 + (-4)/((-88)/583). Suppose -h*o + 185295 = -67074. Is o a prime number?
False
Suppose 326*k - 18 = 329*k. Is k - ((-7 - -6)*11641 + 6) a composite number?
True
Suppose 0 = 8*f + 14*f - 1886734 - 230128. Is f prime?
True
Let s be (-301)/(-4) - (26/8 - 3). Let m = 242 + s. Is m a prime number?
True
Suppose -5*r - 5*l = -66105, 26*l + 66097 = 5*r + 29*l. Is r a composite number?
False
Let j(h) = 744*h - 2. Let d be j(-2). Let z(m) = 214*m + 205. Let t be z(11). Let p = t + d. Is p a composite number?
False
Suppose -72*n + 5869058 = -4460134. Is n prime?
True
Let o(u) = u**3 + 2*u**2 - 16*u. Let v be o(-5). Suppose 0 = -v*d - 5, 0 = -2*t + 3*d + 3 + 6. Suppose t*p + 17*p - 39180 = 0. Is p prime?
False
Let r be (-4)/(((-8)/2)/4). Suppose -4*l + r*l - l = 0. Is 2/((-4)/(-2462)) - l a prime number?
True
Let z(v) = 2*v**2 - 14*v + 5. Let h be z(8). Suppose 8*j - h = 27. Is 1976/j - ((-16)/6 - -3) a prime number?
False
Let o be 1 - (-5 - 40538) - 1. Suppose -2*h + n + o = 0, 3*h - h + n - 40533 = 0. Is h composite?
False
Suppose 0 = 3*m - 4*m - 204. Let w be 9/((-36)/(-16)) + -5 + 1172. Let j = m + w. Is j prime?
True
Is (-924)/(-1540) + ((-203037